{"id":1894,"date":"2025-07-27T14:32:51","date_gmt":"2025-07-27T14:32:51","guid":{"rendered":"https:\/\/www.analizkentseldonusum.com\/?page_id=1894"},"modified":"2025-07-28T14:44:49","modified_gmt":"2025-07-28T14:44:49","slug":"projelendirme-ve-danismanlik","status":"publish","type":"page","link":"https:\/\/www.analizkentseldonusum.com\/index.php\/projelendirme-ve-danismanlik\/","title":{"rendered":"Projelendirme ve Dan\u0131\u015fmanl\u0131k"},"content":{"rendered":"<p><img fetchpriority=\"high\" decoding=\"async\" class=\"wp-image-113 size-full aligncenter\" src=\"https:\/\/www.analizspor.com.tr\/wp-content\/uploads\/2024\/05\/projelendirme-taahhut-danismanlik.jpeg\" alt=\"\" width=\"800\" height=\"500\" \/><\/p>\n<h4><\/h4>\n<h4>Proje Hizmetleri<\/h4>\n<p><strong>Analiz Kentsel D\u00f6n\u00fc\u015f\u00fcm,<\/strong> ya\u015fam ve spor mekanlar\u0131 konusunda uzman mimarlar\u0131 ile iste\u011finize uygun \u00f6zel tasarlanm\u0131\u015f en kullan\u0131\u015fl\u0131 ve konforlu mekanlar\u0131n projelendirme hizmetini vermekteyiz.<\/p>\n<p>Yeni yapaca\u011f\u0131n\u0131z ya\u015fam alan\u0131 veya spor mekanlar\u0131n\u0131n projelendirmesini yapt\u0131\u011f\u0131m\u0131z gibi tadilat yapaca\u011f\u0131n\u0131z ya\u015fam alan\u0131 ve spor mekanlar\u0131n\u0131n mimarl\u0131k ve proje \u00e7izimlerini de konusunda uzman ekiplerimizle yapmaktay\u0131z.<\/p>\n<h4>Dan\u0131\u015fmanl\u0131k Hizmetleri<\/h4>\n<p><strong>Analiz Kentsel D\u00f6n\u00fc\u015f\u00fcm,<\/strong> 30 y\u0131ld\u0131r sekt\u00f6rde kazand\u0131\u011f\u0131 bilgi birikimleri ile siz de\u011ferli m\u00fc\u015fterilerimize ya\u015fam ve spor mek\u00e2nlar\u0131 tasar\u0131m\u0131 konusunda dan\u0131\u015fmanl\u0131k hizmeti sunmaktad\u0131r. Sizde <strong>Analiz Kentsel D\u00f6n\u00fc\u015f\u00fcm<\/strong>\u2019 dan dan\u0131\u015fmanl\u0131k hizmeti almak istiyorsan\u0131z bizimle ileti\u015fime ge\u00e7meniz yeterlidir.<\/p>\n","protected":false},"excerpt":{"rendered":"<p>Proje Hizmetleri Analiz Kentsel D\u00f6n\u00fc\u015f\u00fcm, ya\u015fam ve spor mekanlar\u0131 konusunda uzman mimarlar\u0131 ile iste\u011finize uygun \u00f6zel tasarlanm\u0131\u015f en kullan\u0131\u015fl\u0131 ve konforlu mekanlar\u0131n projelendirme hizmetini vermekteyiz. Yeni yapaca\u011f\u0131n\u0131z ya\u015fam alan\u0131 veya spor mekanlar\u0131n\u0131n projelendirmesini yapt\u0131\u011f\u0131m\u0131z gibi tadilat yapaca\u011f\u0131n\u0131z ya\u015fam alan\u0131 ve spor mekanlar\u0131n\u0131n mimarl\u0131k ve proje \u00e7izimlerini de konusunda uzman ekiplerimizle yapmaktay\u0131z. Dan\u0131\u015fmanl\u0131k Hizmetleri Analiz Kentsel D\u00f6n\u00fc\u015f\u00fcm, 30 y\u0131ld\u0131r sekt\u00f6rde kazand\u0131\u011f\u0131 bilgi birikimleri ile siz de\u011ferli m\u00fc\u015fterilerimize ya\u015fam ve spor mek\u00e2nlar\u0131 tasar\u0131m\u0131 konusunda dan\u0131\u015fmanl\u0131k hizmeti sunmaktad\u0131r. Sizde Analiz Kentsel D\u00f6n\u00fc\u015f\u00fcm\u2019 dan dan\u0131\u015fmanl\u0131k hizmeti almak istiyorsan\u0131z bizimle ileti\u015fime ge\u00e7meniz yeterlidir.<\/p>\n","protected":false},"author":1,"featured_media":0,"parent":0,"menu_order":0,"comment_status":"closed","ping_status":"closed","template":"template-parts\/template-full-width.php","meta":{"_joinchat":[],"footnotes":""},"class_list":["post-1894","page","type-page","status-publish","hentry"],"_links":{"self":[{"href":"https:\/\/www.analizkentseldonusum.com\/index.php\/wp-json\/wp\/v2\/pages\/1894","targetHints":{"allow":["GET"]}}],"collection":[{"href":"https:\/\/www.analizkentseldonusum.com\/index.php\/wp-json\/wp\/v2\/pages"}],"about":[{"href":"https:\/\/www.analizkentseldonusum.com\/index.php\/wp-json\/wp\/v2\/types\/page"}],"author":[{"embeddable":true,"href":"https:\/\/www.analizkentseldonusum.com\/index.php\/wp-json\/wp\/v2\/users\/1"}],"replies":[{"embeddable":true,"href":"https:\/\/www.analizkentseldonusum.com\/index.php\/wp-json\/wp\/v2\/comments?post=1894"}],"version-history":[{"count":4,"href":"https:\/\/www.analizkentseldonusum.com\/index.php\/wp-json\/wp\/v2\/pages\/1894\/revisions"}],"predecessor-version":[{"id":2012,"href":"https:\/\/www.analizkentseldonusum.com\/index.php\/wp-json\/wp\/v2\/pages\/1894\/revisions\/2012"}],"wp:attachment":[{"href":"https:\/\/www.analizkentseldonusum.com\/index.php\/wp-json\/wp\/v2\/media?parent=1894"}],"curies":[{"name":"wp","href":"https:\/\/api.w.org\/{rel}","templated":true}]}}